(5 + -20 + 8).
6
0 + -3 + 0 + -1
-4
What is 2 + -3 - (2 - (0 - 2))?
-5
What is 7 + -4 + 0 - 8?
-5
Calculate 1 + 0 - (-22 - -23).
0
What is the value of -1 + -10 + -72 + 83?
0
2 + (1 + (4 - 9) - 7)
-9
Calculate 2 - -1 - (0 - 0).
3
0 - -11 - (-5 + 14 + -3)
5
(-4 - (-3 + -1) - 1) + 5
4
What is the value of 59 + -60 + (2 - -4 - -2)?
7
1 - 4 - (79 + -79)
-3
-4 + (6 - (-1 - 0))
3
Evaluate 12 + (-4 - 17 - -9).
0
What is -5 - (-15 - (-13 - -7))?
4
What is (-10 - (1 + -6)) + (7 - 3)?
-1
What is 3 + (3 - (5 - 3))?
4
What is the value of -1 - ((1 - -7) + -15)?
6
Calculate -1 + 3 - (-2 - (0 + -1)).
3
What is the value of 8 + (-2 - 2) - 6 - -3?
1
-13 + (-4 - ((1 - 17) + 8))
-9
What is (-20 - -12) + -7 + 7 + 0?
-8
What is -7 + -2 + 5 + -2?
-6
Evaluate 1 + -5 + 6 + 7.
9
Evaluate 6 + -11 + 7 + 3.
5
What is -1 + 1 + (26 - 31)?
-5
Evaluate 6 + 5 + 2 + -19.
-6
Evaluate (7 - (1 + 3)) + -6.
-3
(6 - 5) + (3 - 2) + -4
-2
Calculate 5 - 1 - -2 - (60 - 47).
-7
What is the value of 1 + 2 + 6 + -12 + 4?
1
Calculate (0 - -1) + 3 + 0 - 2.
2
Calculate (6 - (2 - -3)) + -4 + 0.
-3
Evaluate -5 + (8 + 12 - 6).
9
Calculate (7 - 6) + 1 + -11 - -3.
-6
What is the value of 1 - (-1 + 2 + -4)?
4
What is 4 + -8 + 5 + -8 + 15?
8
Calculate 6 - (9 - -1) - (0 - 7).
3
-17 - (-19 + 15) - (-3 - 1)
-9
-5 + (7 - 6 - -12) - 2
6
What is the value of -3 + -6 + -1 + 9 - -3?
2
What is the value of (-6 - (-8 + 1)) + 2?
3
3 + 4 + 2 + -6
3
What is the value of (2 + -4 - -6) + -5?
-1
Calculate 0 + 0 + -11 + 13.
2
-1 + (3 + 4 - 9)
-3
What is the value of 17 - ((-4 - -5) + 9)?
7
What is the value of -9 + 10 + 0 + -8?
-7
What is the value of -2 - (1 + -4) - (-1 - 0)?
2
Calculate 9 + 1 - (36 + -28).
2
Evaluate (7 - 9) + 11 - 6.
3
What is -6 - (1 - (-15 + 8 + 5))?
-9
Evaluate -7 - (0 - 3) - 0.
-4
Calculate (12 - 5 - (-2 + 15)) + 4.
-2
-7 + (-1 - (4 - 10)) + -3
-5
Calculate (1 - 1) + (0 - -1).
1
Calculate -5 + -2 + (-2 - 2 - -6).
-5
(-109 - -110) + -2 + -6
-7
7 - 2 - (-2 - -3)
4
-5 - (0 + -2 - (2 - 2))
-3
What is the value of 1 + (-13 - -11) + 1 + 1?
1
Evaluate 7 + 0 + -6 + 1.
2
4 + -9 + -2 + 5
-2
What is the value of 2 + 3 + 6 + -11?
0
What is 4 + (0 - (8 - 5))?
1
Calculate 8 + 7 + -10 - 3.
2
What is 4 + 0 + -1 + 0?
3
Evaluate (-13 - (-1 + -8)) + (4 - 0).
0
Calculate (2 + -7 - 0) + 9.
4
Evaluate 1 - 2 - (-3 + 6 + 0).
-4
What is the value of -1 + (6 - (6 - (6 - 2)))?
3
What is 6 - -1 - (12 - 9)?
4
What is -4 - ((3 - 4) + -3)?
0
What is the value of (0 - (-16 - (8 + -16))) + -3?
5
Calculate -3 + 11 + -9 + 1 + 1.
1
What is 6 + -10 + 5 + (1 - -1)?
3
Calculate 6 - ((5 - -11) + -6 - 4).
0
What is -4 + (6 - (0 - -5)) + 4?
1
What is the value of -3 + 3 + 5 + 4 + -10?
-1
Evaluate 7 + (2 + 5 - 14).
0
What is the value of 1 - (-5 + 7 + -1)?
0
What is -1 + -1 + 1 - (-3 - 7)?
9
What is the value of 4 + (8 + -12 - -1)?
1
What is -2 + 6 + -6 + 3?
1
5 - (-4 - (1 - 5))
5
What is the value of (2 - 10 - -9) + -1?
0
-16 + (-16 - -38) + -2 + 1
5
Calculate 5 - (5 + -8 + 3).
5
What is (4 - -4 - 3) + (-1 - 0)?
4
What is the value of -6 - (-7 + (-2 - 3)) - -5?
11
What is the value of 4 + -2 + -2 + 0 + 0?
0
Calculate (12 - 6) + 1 - (0 + -2).
9
28 - 34 - (-4 + -1)
-1
Calculate (1 - 2) + 1 + 1 + 1.
2
What is the value of (1 - -4) + (6 - 3 - 1)?
7
What is the value of 3 + (-1 - 4) + 1?
-1
What is (-3 - -8) + -4 + -3 - -4?
2
What is 4 + -2 + 1 + -7 - 2?
-6
What is 93 - 89 - (0 - 1)?
5
Calculate -5 - (-5 - (-2 - 1 - -4)).
1
(4 - 3) + -1 - -3
3
(32 - 34) + 1 + -4 - -10
5
What is the value of -4 - (-3 + -3 + 6)?
-4
(-7 - -1) + -1 + 5
-2
What is the value of 3 + 0 - ((20 - 8) + -7)?
-2
Calculate -3 - (11 + -17 - -1).
2
What is 11 - 9 - (-1 + 7)?
-4
4 + (2 - (-10 - -4)) + -3
9
What is 18 + -18 + (5 - -1)?
6
What is the value of 3 + 1 + 3 + -5?
2
What is -1 - 3 - (6 - (11 - 5))?
-4
What is -5 - (-1 + -12 + 6)?
2
What is (3 - 8) + 8 + 0?
3
Evaluate ((11 - 8) + 1 - 0) + 3.
7
Calculate -7 + (2 - -7 - 1) + -3.
-2
What is the value of (0 - -1) + -14 - (-4 - 2)?
-7
What is (3 - -5) + -1 + -5 + 2?
4
-4 - -3 - (1 + -10)
8
What is the value of (3 - (-4 - -5) - 5) + -4?
-7
Calculate 10 + -17 + 5 + (0 - -4).
2
0 + (0 - 0 - -2) - 1
1
Evaluate -9 + 8 - (4 - (2 - 3)).
-6
What is the value of -13 + -11 + 13 - -5?
-6
Evaluate (5 + -4 + 1 - 3) + 6.
5
What is the value of 14 - 15 - (0 + -4)?
3
0 - (-3 + 5) - -2
0
What is the value of (15 - 11) + -3 + (2 - 2)?
1
-3 + (-1 - (-4 + -4)) + -1
3
-9 + 7 + -4 + 7
1
-12 - ((32 - 25) + -10 + 2)
-11
(-13 - -17) + (-1 - -4)
7
What is (-2 - (0 - -2)) + 31 + -29?
-2
What is -25 - -9 - -8 - (-2 - -1)?
-7
-1 + 1 + 4 + -7
-3
-4 + 3 - -2 - 1
0
-2 - (3 + 6 - 4)
-7
Calculate (1 - (-2 + 0)) + -4 - 1.
-2
What is the value of 4 + 3 + (-4 + 2 - 1)?
4
Calculate 4 + (-2 - 6) + -1.
-5
-2 + 0 - (-4 - (-4 + 4))
2
What is the value of -5 + (-3 - (3 + -6)) + 0?
-5
-2 + 4 + (6 - (5 - -7))
-4
What is -6 - (-13 - (-7 + 2))?
2
What is the value of -10 - (-7 + -7 + 4 + 6)?
-6
What is -17 - -17 - (3 - 1)?
-2
What is -1 + -2 + -1 + 218 + -215?
-1
What is the value of (12 - 1 - 7) + -2 + -7?
-5
What is the value of 53 + -54 + (0 - -7)?
6
Calculate 6 + (1 + -9 - -4).
2
Evaluate (-5 - -6) + -1 + -2.
-2
What is the value of 3 - 5 - (1 - -1)?
-4
Calculate 1 + 2 + -7 + 6.
2
Calculate 3 + (3 - -2 - 13).
-5
Evaluate -21 - -20 - (2 - 6).
3
Calculate (2 - 0) + 0 + 0 + -3.
-1
Calculate 13 - (-2 - (12 - 25)).
2
(-1 - 3) + -1 + 5
0
What is (-2 - -5) + -2 + (-10 - -9)?
0
Calculate 1 + -2 - (-6 + (3 - -1)).
1
Calculate 16 + -11 + (-8 - 3) + 1.
-5
What is the value of 16 + -14 + (2 - 8) - 2?
-6
Evaluate -20 - -31 - (5 - -1).
5
Evaluate 6 + -7 + 2 - 5.
-4
What is the value of 1 + -9 + 5 + (-3 - -1)?
-5
3 - ((-1 - (1 - 1)) + 3)
1
What is -4 - 1 - (2 + -2) - 3?
-8
What is (14 - (12 - 8)) + -3 + -1?
6
Calculate 5 + -4 + 0 - 0.
1
-1 - -9 - (7 + (8 - 12))
5
Evaluate 3 + 1 - (6 - -3).
-5
-12 + (-21 - -29) - (5 - 1)
-8
Calculate (-3 - (0 + -6)) + 3.
6
What is the value of -2 + -6 + (-5 - -11)?
-2
What is 2 - (3 + 5) - (-18 + 5)?
7
What is the value of -128 + 116 + 10 + -2?
-4
What is -61 - -65 - (2 + -3 + 5)?
0
Evaluate 4 - ((-8 - -11) + 0 + 5).
-4
What is 4 - 7 - (-3 - -1)?
-1
What is the value of (-3 - (3 + -9)) + -8?
-5
What is the value of -208 + 196 + 1 + 2?
-9
11 - 13 - (4 + -1)
-5
Evaluate 0 - (-1 - (-3 + -2) - 5).
1
What is the value of 1 + 3 + 0 + -7 + -2?
-5
What is 6 + 2 + (1 - 9) + 5?
5
What is the value of 14 - (-12 - -17) - 12?
-3
Calculate (-3 + 1 - (-6 + 1)) + -2.
1
What is (-6 - -13 - -1) + -2?
6
1 - (-2 + (9 + -4 - 4))
2
What is the value of 0 + (1 - (13 + -4))?
-8
Calculate (3 - -6 - 3) + -4 + 3.
5
What is 2 - (3 + (1 + -1 - 1))?
0
Calculate 4 - ((-1 - -4) + 4).
-3
Evaluate 3 - (13 + -6 - (0 - 0)).
-4
What is the value of (-7 - (0 - -4 - 18)) + -7?
0
Evaluate -15 + 15 - (-3 + 1 + 2).
0
7 + (-13 - -6 - 2)
-2
Evaluate 4 + -1 - (7 + (11 - 10)).
-5
-10 - (-6 - -3 - -1)
-8
What is -2 - (-3 + 6) - -9?
4
(6 - 1) + (-8 - -6)
3
What is 24 + -18 + 3 + -5 + -1?
3
Calculate 0 + (6 + -3 - 4).
-1
Calculate -5 - ((0 - -1) + (-10 - -10)).
-6
Evaluate (-14 - -27) + 2 + -10.
5
(-9 + 5 - (3 - 2)) + -4
-9
What is 3 + -7 + (3 - 2 - 0)?
-3
Calculate -11 - -1 - (-9 - (-5 - 0)).
-6
What is -21 + -2 + 2 + 12?
-9
Evaluate 8 + (10 - 20) - (0 - 5).
3
Evaluate 15 + -10 + (-16 - -2).
-9
Calculate -9 - (0 + 5 + -23).
9
What is (11 - -2) + -15 + (6 - 0)?
4
What is 1 - 3 - (-1 + -1 - 0)?
0
-3 + (-2 + 1 - -3)
-1
Evaluate -15 + 10 + 2 + 2.
-1
Calculate -3 + (-6 - -11) + (-4 - -1).
-1
What is (-5 - 2) + 3 - (-6 + 3)?
-1
Calculate -3 + (6 - (-3 - -7)).
-1
14 + -5 + -15 + 1
-5
What is -1 + -4 + 4 - (-4 + 1)?
2
Evaluate 0 - (-1 - -3) - (5 - 11).
4
Evaluate 3 - 4 - (1 + 1) - -3.
0
Calculate (-2 - (-8 + -6)) + -4.
8
Evaluate 4 - -3 - (6 + 2 + -4).
3
Evaluate 2 - (-3 + 5 - -1).
-1
Evaluate (2 - 6) + (1 + -1 - -4).
0
What is the value of 0 - 8 - (1 + 19 - 21)?
-7
What is the value of (-4 - 0) + 1 + 2?
-1
-8 + 14 + (-21 - -6)
-9
What is 0 - (4 - 7) - 4?
-1
What is the value of -6 - 0 - (9 - 9)?
-6
Calculate 2 + (9 + -5 - 6).
0
Calculate 14 + -10 + -12 - -10.
2
Evaluate 5 + -3 + (3 - 2) + 0.
3
What is the value of -1 - ((-2 - -5) + (5 - 11))?
2
Evaluate (8 - (-4 - -3)) + -10.
-1
What is 4 - 0 - (-1 + -1 + 3)?
3
Calculate -13 + 6 + 0 - -16.
9
7 + (-4 - (2 - -2))
-1
Calculate -5 - (-1 - ((2 - 